{"id":1043,"date":"2023-03-21T09:13:43","date_gmt":"2023-03-21T08:13:43","guid":{"rendered":"https:\/\/feuerwehr-freiburg.de\/jf\/barrierefreiheit-2\/"},"modified":"2023-03-21T09:41:52","modified_gmt":"2023-03-21T08:41:52","slug":"barrierefreiheit","status":"publish","type":"page","link":"https:\/\/feuerwehr-freiburg.de\/jf\/barrierefreiheit\/","title":{"rendered":"Erkl\u00e4rung zur Barrierefreiheit"},"content":{"rendered":"\n<p>Wir (Stadtfeuerwehrverband Freiburg e.V.) als Websitebetreiber sind bem\u00fcht, die Website in Einklang mit den einschl\u00e4gigen Vorschriften zur Barrierefreiheit zu gestalten. F\u00fcr uns gelten folgende Rechtsvorschriften:<\/p>\n\n\n\n<p>Landesgesetz zur Gleichstellung von Menschen mit Behinderungen (Landes-Behindertengleichstellungsgesetz &#8211; L-BGG) und L-BGG-Durchf\u00fchrungsverordnung<\/p>\n\n\n\n<h3 class=\"wp-block-heading\"><strong>Website<\/strong><\/h3>\n\n\n\n<p>Diese Erkl\u00e4rung zur Barrierefreiheit gilt f\u00fcr die Website\u00a0<a href=\"https:\/\/www.feuerwehr-freiburg.de\/\">https:\/\/www.feuerwehr-freiburg.de\/<\/a>.<\/p>\n\n\n\n<h3 class=\"wp-block-heading\"><strong>Feedback und Kontaktangaben<\/strong><\/h3>\n\n\n\n<p>Sind Ihnen M\u00e4ngel beim barrierefreien Zugang zu Inhalten auf unserer Website aufgefallen oder haben Sie Anmerkungen sowie Fragen zum barrierefreien Zugang? Melden Sie sich gerne bei uns unter:<\/p>\n\n\n\n<p>Stadtfeuerwehrverband Freiburg<br>Eschholzstra\u00dfe 118<br>79115 Freiburg im Breisgau<br>Deutschland<\/p>\n\n\n\n<p>E-Mail: <a href=\"mailto:info@feuerwehr-freiburg.de\">info@feuerwehr-freiburg.de<\/a><\/p>\n\n\n\n<h2 class=\"wp-block-heading\"><strong>Stand der Vereinbarkeit mit den Anforderungen<\/strong><\/h2>\n\n\n\n<p>Die Barrierefreiheit wird mit der Unterst\u00fctzung von DIGIaccess umgesetzt und sollte weitestgehend gegeben sein. Von uns erstellte Inhalte sollen hierdurch barrieferei sein. Falls dies einmal nicht der Fall ist, bitten wir um einen Hinweis.<\/p>\n\n\n\n<h3 class=\"wp-block-heading\"><strong>Ausnahmen vom Anwendungsbereich der Vorschriften zur Barrierefreiheit<\/strong><\/h3>\n\n\n\n<p>Die Schadens- und Verlustmeldung richtet sich nur an aktive Angeh\u00f6rige der Feuerwehr Freiburg, ebenso der Bereich der internen Downloads.<\/p>\n\n\n\n<h3 class=\"wp-block-heading\"><strong>Durchsetzungsverfahren<\/strong><\/h3>\n\n\n\n<p>Sollten Sie der Ansicht sein, dass Sie durch eine nicht ausreichende barrierefreie Gestaltung unserer Website benachteiligt sind, k\u00f6nnen Sie sich an die zust\u00e4ndige Durchsetzungsstelle wenden. Diese erreichen Sie unter:<\/p>\n\n\n\n<p>Ministerium f\u00fcr Soziales und Integration Baden-W\u00fcrttemberg<br>Else-Josenhans-Stra\u00dfe 6<br>70173 Stuttgart<\/p>\n\n\n\n<p>Telefon: 0711 279-3360<br>E-Mail: <a href=\"mailto:poststelle@bfbmb.bwl.de\">poststelle@bfbmb.bwl.de<\/a><\/p>\n\n\n\n<p><\/p>\n\n\n\n<h3 class=\"wp-block-heading\"><strong>Erstellung dieser Erkl\u00e4rung zur Barrierefreiheit<\/strong><\/h3>\n\n\n\n<p>Diese Erkl\u00e4rung wurde am 20.03.2023 erstellt.<br>Die Erkl\u00e4rung wurde zuletzt am 20.03.2023 \u00fcberpr\u00fcft.<\/p>\n\n\n\n<p><\/p>\n","protected":false},"excerpt":{"rendered":"<p>Wir (Stadtfeuerwehrverband Freiburg e.V.) als Websitebetreiber sind bem\u00fcht, die Website in Einklang mit den einschl\u00e4gigen Vorschriften zur Barrierefreiheit zu gestalten. F\u00fcr uns gelten folgende Rechtsvorschriften: Landesgesetz zur Gleichstellung von Menschen mit Behinderungen (Landes-Behindertengleichstellungsgesetz &#8211; L-BGG) und L-BGG-Durchf\u00fchrungsverordnung Website Diese Erkl\u00e4rung zur Barrierefreiheit gilt f\u00fcr die Website\u00a0https:\/\/www.feuerwehr-freiburg.de\/. Feedback und Kontaktangaben Sind Ihnen M\u00e4ngel beim barrierefreien Zugang [&hellip;]<\/p>\n","protected":false},"author":1,"featured_media":0,"parent":0,"menu_order":0,"comment_status":"closed","ping_status":"closed","template":"","meta":{"footnotes":""},"class_list":["post-1043","page","type-page","status-publish","hentry"],"distributor_meta":false,"distributor_terms":false,"distributor_media":false,"distributor_original_site_name":"Jugendfeuerwehr","distributor_original_site_url":"https:\/\/feuerwehr-freiburg.de\/jf","push-errors":false,"_links":{"self":[{"href":"https:\/\/feuerwehr-freiburg.de\/jf\/wp-json\/wp\/v2\/pages\/1043","targetHints":{"allow":["GET"]}}],"collection":[{"href":"https:\/\/feuerwehr-freiburg.de\/jf\/wp-json\/wp\/v2\/pages"}],"about":[{"href":"https:\/\/feuerwehr-freiburg.de\/jf\/wp-json\/wp\/v2\/types\/page"}],"author":[{"embeddable":true,"href":"https:\/\/feuerwehr-freiburg.de\/jf\/wp-json\/wp\/v2\/users\/1"}],"replies":[{"embeddable":true,"href":"https:\/\/feuerwehr-freiburg.de\/jf\/wp-json\/wp\/v2\/comments?post=1043"}],"version-history":[{"count":1,"href":"https:\/\/feuerwehr-freiburg.de\/jf\/wp-json\/wp\/v2\/pages\/1043\/revisions"}],"predecessor-version":[{"id":1044,"href":"https:\/\/feuerwehr-freiburg.de\/jf\/wp-json\/wp\/v2\/pages\/1043\/revisions\/1044"}],"wp:attachment":[{"href":"https:\/\/feuerwehr-freiburg.de\/jf\/wp-json\/wp\/v2\/media?parent=1043"}],"curies":[{"name":"wp","href":"https:\/\/api.w.org\/{rel}","templated":true}]}}

Erklärung zur Barrierefreiheit

<p>Wir (Stadtfeuerwehrverband Freiburg e.V.) als Websitebetreiber sind bemüht, die Website in Einklang mit den einschlägigen Vorschriften zur Barrierefreiheit zu gestalten. Für uns gelten folgende Rechtsvorschriften:</p>



<p>Landesgesetz zur Gleichstellung von Menschen mit Behinderungen (Landes-Behindertengleichstellungsgesetz &#8211; L-BGG) und L-BGG-Durchführungsverordnung</p>



<h3 class="wp-block-heading"><strong>Website</strong></h3>



<p>Diese Erklärung zur Barrierefreiheit gilt für die Website <a href="https://www.feuerwehr-freiburg.de/">https://www.feuerwehr-freiburg.de/</a>.</p>



<h3 class="wp-block-heading"><strong>Feedback und Kontaktangaben</strong></h3>



<p>Sind Ihnen Mängel beim barrierefreien Zugang zu Inhalten auf unserer Website aufgefallen oder haben Sie Anmerkungen sowie Fragen zum barrierefreien Zugang? Melden Sie sich gerne bei uns unter:</p>



<p>Stadtfeuerwehrverband Freiburg<br>Eschholzstraße 118<br>79115 Freiburg im Breisgau<br>Deutschland</p>



<p>E-Mail: <a href="mailto:info@feuerwehr-freiburg.de">info@feuerwehr-freiburg.de</a></p>



<h2 class="wp-block-heading"><strong>Stand der Vereinbarkeit mit den Anforderungen</strong></h2>



<p>Die Barrierefreiheit wird mit der Unterstützung von DIGIaccess umgesetzt und sollte weitestgehend gegeben sein. Von uns erstellte Inhalte sollen hierdurch barrieferei sein. Falls dies einmal nicht der Fall ist, bitten wir um einen Hinweis.</p>



<h3 class="wp-block-heading"><strong>Ausnahmen vom Anwendungsbereich der Vorschriften zur Barrierefreiheit</strong></h3>



<p>Die Schadens- und Verlustmeldung richtet sich nur an aktive Angehörige der Feuerwehr Freiburg, ebenso der Bereich der internen Downloads.</p>



<h3 class="wp-block-heading"><strong>Durchsetzungsverfahren</strong></h3>



<p>Sollten Sie der Ansicht sein, dass Sie durch eine nicht ausreichende barrierefreie Gestaltung unserer Website benachteiligt sind, können Sie sich an die zuständige Durchsetzungsstelle wenden. Diese erreichen Sie unter:</p>



<p>Ministerium für Soziales und Integration Baden-Württemberg<br>Else-Josenhans-Straße 6<br>70173 Stuttgart</p>



<p>Telefon: 0711 279-3360<br>E-Mail: <a href="mailto:poststelle@bfbmb.bwl.de">poststelle@bfbmb.bwl.de</a></p>



<p></p>



<h3 class="wp-block-heading"><strong>Erstellung dieser Erklärung zur Barrierefreiheit</strong></h3>



<p>Diese Erklärung wurde am 20.03.2023 erstellt.<br>Die Erklärung wurde zuletzt am 20.03.2023 überprüft.</p>



<p></p>

<p>Wir (Stadtfeuerwehrverband Freiburg e.V.) als Websitebetreiber sind bemüht, die Website in Einklang mit den einschlägigen Vorschriften zur Barrierefreiheit zu gestalten. Für uns gelten folgende Rechtsvorschriften: Landesgesetz zur Gleichstellung von Menschen mit Behinderungen (Landes-Behindertengleichstellungsgesetz &#8211; L-BGG) und L-BGG-Durchführungsverordnung Website Diese Erklärung zur Barrierefreiheit gilt für die Website https://www.feuerwehr-freiburg.de/. Feedback und Kontaktangaben Sind Ihnen Mängel beim barrierefreien Zugang [&hellip;]</p>
