{"id":1829,"date":"2026-04-14T09:35:53","date_gmt":"2026-04-14T07:35:53","guid":{"rendered":"https:\/\/feuerwehr-freiburg.de\/abt07\/?post_type=fahrzeug&#038;p=1829"},"modified":"2026-04-14T09:35:54","modified_gmt":"2026-04-14T07:35:54","slug":"fl-fr-07-74-gw-t-2","status":"publish","type":"fahrzeug","link":"https:\/\/feuerwehr-freiburg.de\/abt07\/fahrzeug\/fl-fr-07-74-gw-t-2\/","title":{"rendered":"FL-FR 07\/74 \u2013 GW-T"},"content":{"rendered":"\n<p>Der Ger\u00e4tewagen-Transport ist ein MAN TGM 13.320 4\u00d74 BL CH mit Dicosy-Aufbau und wird prim\u00e4r f\u00fcr Transportt\u00e4tigkeiten sowie zur technischen Hilfeleistung eingesetzt. Durch das modulare Konzept kann das Fahrzeug je nach Lage schnell mit passender Beladung bzw. Rollcontainern best\u00fcckt werden, wie etwa f\u00fcr Unwettereins\u00e4tze, Wassersch\u00e4den, Logistik oder anderweitige Unterst\u00fctzung bei l\u00e4nger andauernden Einsatzlagen.<\/p>\n\n\n\n<!--more-->\n\n\n\n<div class=\"wp-block-columns is-layout-flex wp-container-core-columns-is-layout-9d6595d7 wp-block-columns-is-layout-flex\">\n<div class=\"wp-block-column is-layout-flow wp-block-column-is-layout-flow\">\n<figure class=\"wp-block-image size-full\"><img decoding=\"async\" src=\"https:\/\/feuerwehr-freiburg.de\/wp-content\/uploads\/2026\/04\/07_74.png\" alt=\"\" class=\"wp-image-123422\"\/><\/figure>\n<\/div>\n\n\n\n<div class=\"wp-block-column is-layout-flow wp-block-column-is-layout-flow\">\n<h2 class=\"wp-block-heading uk-h5\">Fahrzeugdetails<\/h2>\n\n\n\n<figure class=\"wp-block-table uk-table uk-table-small uk-table-justify uk-table-divider uk-table-responsive\"><table><tbody><tr><td>Kategorie<\/td><td>Ger\u00e4tewagen<\/td><\/tr><tr><td>Fahrzeugbezeichnung<\/td><td>GW-T<\/td><\/tr><tr><td>Funkrufname<\/td><td>Florian Freiburg 07\/74<\/td><\/tr><tr><td>Besatzung<\/td><td>1\/5<\/td><\/tr><tr><td>Fahrgestell<\/td><td>MAN <br>TGM 13.320 4&#215;4 BL CH<\/td><\/tr><tr><td>Hersteller-Aufbau<\/td><td>Dicosy<\/td><\/tr><tr><td>Leistung<\/td><td>(KW \/ PS) 235 \/ 320<\/td><\/tr><tr><td>Hubraum (ccm\u00b3)<\/td><td>6.871<\/td><\/tr><tr><td>Baujahr<\/td><td>2025<\/td><\/tr><\/tbody><\/table><\/figure>\n<\/div>\n<\/div>\n\n\n\n<figure class=\"wp-block-gallery has-nested-images columns-default is-cropped wp-block-gallery-1 is-layout-flex wp-block-gallery-is-layout-flex\">\n<figure class=\"wp-block-image size-large\"><a href=\"https:\/\/feuerwehr-freiburg.de\/wp-content\/uploads\/2026\/04\/26-02-13-11-11-44-2057.jpg\"><img decoding=\"async\" data-id=\"123440\" src=\"https:\/\/feuerwehr-freiburg.de\/wp-content\/uploads\/2026\/04\/26-02-13-11-11-44-2057-768x1024.jpg\" alt=\"\" class=\"wp-image-123440\"\/><\/a><\/figure>\n\n\n\n<figure class=\"wp-block-image size-large\"><a href=\"https:\/\/feuerwehr-freiburg.de\/wp-content\/uploads\/2026\/04\/26-02-13-11-12-17-2061.jpg\"><img decoding=\"async\" data-id=\"123442\" src=\"https:\/\/feuerwehr-freiburg.de\/wp-content\/uploads\/2026\/04\/26-02-13-11-12-17-2061-768x1024.jpg\" alt=\"\" class=\"wp-image-123442\"\/><\/a><\/figure>\n\n\n\n<figure class=\"wp-block-image size-large\"><a href=\"https:\/\/feuerwehr-freiburg.de\/wp-content\/uploads\/2026\/04\/26-02-13-11-14-06-2069.jpg\"><img decoding=\"async\" data-id=\"123433\" src=\"https:\/\/feuerwehr-freiburg.de\/wp-content\/uploads\/2026\/04\/26-02-13-11-14-06-2069-768x1024.jpg\" alt=\"\" class=\"wp-image-123433\"\/><\/a><\/figure>\n\n\n\n<figure class=\"wp-block-image size-large\"><a href=\"https:\/\/feuerwehr-freiburg.de\/wp-content\/uploads\/2026\/04\/26-02-13-11-11-58-2059.jpg\"><img decoding=\"async\" data-id=\"123441\" src=\"https:\/\/feuerwehr-freiburg.de\/wp-content\/uploads\/2026\/04\/26-02-13-11-11-58-2059-768x1024.jpg\" alt=\"\" class=\"wp-image-123441\"\/><\/a><\/figure>\n\n\n\n<figure class=\"wp-block-image size-large\"><a href=\"https:\/\/feuerwehr-freiburg.de\/wp-content\/uploads\/2026\/04\/20250814_132128125_iOS.jpg\"><img decoding=\"async\" data-id=\"123435\" src=\"https:\/\/feuerwehr-freiburg.de\/wp-content\/uploads\/2026\/04\/20250814_132128125_iOS-1024x768.jpg\" alt=\"\" class=\"wp-image-123435\"\/><\/a><\/figure>\n\n\n\n<figure class=\"wp-block-image size-large\"><a href=\"https:\/\/feuerwehr-freiburg.de\/wp-content\/uploads\/2026\/04\/26-02-13-19-11-22-2104.jpg\"><img decoding=\"async\" data-id=\"123434\" src=\"https:\/\/feuerwehr-freiburg.de\/wp-content\/uploads\/2026\/04\/26-02-13-19-11-22-2104-768x1024.jpg\" alt=\"\" class=\"wp-image-123434\"\/><\/a><\/figure>\n<\/figure>\n\n\n\n<figure class=\"wp-block-image size-large\"><img decoding=\"async\" src=\"https:\/\/feuerwehr-freiburg.de\/wp-content\/uploads\/2026\/04\/DSC08941-1024x576.jpg\" alt=\"\" class=\"wp-image-123437\"\/><\/figure>\n\n\n\n<figure class=\"wp-block-image size-large\"><img decoding=\"async\" src=\"https:\/\/feuerwehr-freiburg.de\/wp-content\/uploads\/2026\/04\/DSC08923-1024x576.jpg\" alt=\"\" class=\"wp-image-123436\"\/><\/figure>\n","protected":false},"featured_media":1826,"template":"","class_list":["post-1829","fahrzeug","type-fahrzeug","status-publish","has-post-thumbnail","hentry"],"distributor_meta":false,"distributor_terms":false,"distributor_media":false,"distributor_original_site_name":"07 Wiehre","distributor_original_site_url":"https:\/\/feuerwehr-freiburg.de\/abt07","push-errors":false,"_links":{"self":[{"href":"https:\/\/feuerwehr-freiburg.de\/abt07\/wp-json\/wp\/v2\/fahrzeug\/1829","targetHints":{"allow":["GET"]}}],"collection":[{"href":"https:\/\/feuerwehr-freiburg.de\/abt07\/wp-json\/wp\/v2\/fahrzeug"}],"about":[{"href":"https:\/\/feuerwehr-freiburg.de\/abt07\/wp-json\/wp\/v2\/types\/fahrzeug"}],"wp:featuredmedia":[{"embeddable":true,"href":"https:\/\/feuerwehr-freiburg.de\/abt07\/wp-json\/wp\/v2\/media\/1826"}],"wp:attachment":[{"href":"https:\/\/feuerwehr-freiburg.de\/abt07\/wp-json\/wp\/v2\/media?parent=1829"}],"curies":[{"name":"wp","href":"https:\/\/api.w.org\/{rel}","templated":true}]}}

<p>Der Gerätewagen-Transport ist ein MAN TGM 13.320 4×4 BL CH mit Dicosy-Aufbau und wird primär für Transporttätigkeiten sowie zur technischen Hilfeleistung eingesetzt. Durch das modulare Konzept kann das Fahrzeug je nach Lage schnell mit passender Beladung bzw. Rollcontainern bestückt werden, wie etwa für Unwettereinsätze, Wasserschäden, Logistik oder anderweitige Unterstützung bei länger andauernden Einsatzlagen.</p>



<!--more-->



<div class="wp-block-columns is-layout-flex wp-container-core-columns-is-layout-9d6595d7 wp-block-columns-is-layout-flex">
<div class="wp-block-column is-layout-flow wp-block-column-is-layout-flow">
<figure class="wp-block-image size-full"><img decoding="async" src="https://feuerwehr-freiburg.de/wp-content/uploads/2026/04/07_74.png" alt="" class="wp-image-123422"/></figure>
</div>



<div class="wp-block-column is-layout-flow wp-block-column-is-layout-flow">
<h2 class="wp-block-heading uk-h5">Fahrzeugdetails</h2>



<figure class="wp-block-table uk-table uk-table-small uk-table-justify uk-table-divider uk-table-responsive"><table><tbody><tr><td>Kategorie</td><td>Gerätewagen</td></tr><tr><td>Fahrzeugbezeichnung</td><td>GW-T</td></tr><tr><td>Funkrufname</td><td>Florian Freiburg 07/74</td></tr><tr><td>Besatzung</td><td>1/5</td></tr><tr><td>Fahrgestell</td><td>MAN <br>TGM 13.320 4&#215;4 BL CH</td></tr><tr><td>Hersteller-Aufbau</td><td>Dicosy</td></tr><tr><td>Leistung</td><td>(KW / PS) 235 / 320</td></tr><tr><td>Hubraum (ccm³)</td><td>6.871</td></tr><tr><td>Baujahr</td><td>2025</td></tr></tbody></table></figure>
</div>
</div>



<figure class="wp-block-gallery has-nested-images columns-default is-cropped wp-block-gallery-1 is-layout-flex wp-block-gallery-is-layout-flex">
<figure class="wp-block-image size-large"><a href="https://feuerwehr-freiburg.de/wp-content/uploads/2026/04/26-02-13-11-11-44-2057.jpg"><img decoding="async" data-id="123440" src="https://feuerwehr-freiburg.de/wp-content/uploads/2026/04/26-02-13-11-11-44-2057-768x1024.jpg" alt="" class="wp-image-123440"/></a></figure>



<figure class="wp-block-image size-large"><a href="https://feuerwehr-freiburg.de/wp-content/uploads/2026/04/26-02-13-11-12-17-2061.jpg"><img decoding="async" data-id="123442" src="https://feuerwehr-freiburg.de/wp-content/uploads/2026/04/26-02-13-11-12-17-2061-768x1024.jpg" alt="" class="wp-image-123442"/></a></figure>



<figure class="wp-block-image size-large"><a href="https://feuerwehr-freiburg.de/wp-content/uploads/2026/04/26-02-13-11-14-06-2069.jpg"><img decoding="async" data-id="123433" src="https://feuerwehr-freiburg.de/wp-content/uploads/2026/04/26-02-13-11-14-06-2069-768x1024.jpg" alt="" class="wp-image-123433"/></a></figure>



<figure class="wp-block-image size-large"><a href="https://feuerwehr-freiburg.de/wp-content/uploads/2026/04/26-02-13-11-11-58-2059.jpg"><img decoding="async" data-id="123441" src="https://feuerwehr-freiburg.de/wp-content/uploads/2026/04/26-02-13-11-11-58-2059-768x1024.jpg" alt="" class="wp-image-123441"/></a></figure>



<figure class="wp-block-image size-large"><a href="https://feuerwehr-freiburg.de/wp-content/uploads/2026/04/20250814_132128125_iOS.jpg"><img decoding="async" data-id="123435" src="https://feuerwehr-freiburg.de/wp-content/uploads/2026/04/20250814_132128125_iOS-1024x768.jpg" alt="" class="wp-image-123435"/></a></figure>



<figure class="wp-block-image size-large"><a href="https://feuerwehr-freiburg.de/wp-content/uploads/2026/04/26-02-13-19-11-22-2104.jpg"><img decoding="async" data-id="123434" src="https://feuerwehr-freiburg.de/wp-content/uploads/2026/04/26-02-13-19-11-22-2104-768x1024.jpg" alt="" class="wp-image-123434"/></a></figure>
</figure>



<figure class="wp-block-image size-large"><img decoding="async" src="https://feuerwehr-freiburg.de/wp-content/uploads/2026/04/DSC08941-1024x576.jpg" alt="" class="wp-image-123437"/></figure>



<figure class="wp-block-image size-large"><img decoding="async" src="https://feuerwehr-freiburg.de/wp-content/uploads/2026/04/DSC08923-1024x576.jpg" alt="" class="wp-image-123436"/></figure>
